{"id":57,"date":"2020-05-29T14:27:03","date_gmt":"2020-05-29T12:27:03","guid":{"rendered":"https:\/\/www.nyos.sk\/?page_id=57"},"modified":"2022-10-03T15:42:03","modified_gmt":"2022-10-03T13:42:03","slug":"o-nas-2","status":"publish","type":"page","link":"https:\/\/www.nyos.sk\/","title":{"rendered":"O n\u00e1s"},"content":{"rendered":"\n<div class=\"wp-block-image\"><figure class=\"alignright size-large is-resized\"><img decoding=\"async\" loading=\"lazy\" src=\"https:\/\/www.nyos.sk\/wp-content\/uploads\/2020\/09\/IMG_4273-768x1024.jpg\" alt=\"\" class=\"wp-image-182\" width=\"124\" height=\"164\" srcset=\"https:\/\/www.nyos.sk\/wp-content\/uploads\/2020\/09\/IMG_4273-768x1023.jpg 768w, https:\/\/www.nyos.sk\/wp-content\/uploads\/2020\/09\/IMG_4273-225x300.jpg 225w, https:\/\/www.nyos.sk\/wp-content\/uploads\/2020\/09\/IMG_4273-1153x1536.jpg 1153w, https:\/\/www.nyos.sk\/wp-content\/uploads\/2020\/09\/IMG_4273.jpg 1200w\" sizes=\"(max-width: 124px) 100vw, 124px\" \/><\/figure><\/div>\n\n\n\n<p>Spolo\u010dnos\u0165 NYOS r.s.p s.r.o. poskytuje pr\u00e1cu invalidn\u00fdm ob\u010danom od roku 2011 ako chr\u00e1nen\u00e1 diel\u0148a. Vznikli sme transform\u00e1ciou z&nbsp;fyzickej osoby, ktor\u00e1 fungovala od roku 2008. \u0160tat\u00fat soci\u00e1lneho podniku n\u00e1m bol udelen\u00fd z&nbsp;r\u00fak ministra pr\u00e1ce, soci\u00e1lnych vec\u00ed a&nbsp;rodiny ako piatemu podniku v&nbsp;Slovenskej republike d\u0148a 1.12.2018. \u013dudia so zdravotn\u00fdm postihnut\u00edm s\u00fa aj napriek svojim \u201cobmedzeniam\u201d plnohodnotn\u00fdmi a rovnocenn\u00fdmi ob\u010danmi ktor\u00e9hoko\u013evek \u0161t\u00e1tu. V ich \u017eivote zohr\u00e1va ve\u013emi d\u00f4le\u017eit\u00fa \u00falohu pr\u00e1ca, ke\u010f\u017ee pr\u00e1ve v\u010faka nej z\u00edskavaj\u00fa pocit sebarealiz\u00e1cie a u\u017eito\u010dnosti pre spolo\u010dnos\u0165. Pri h\u013eadan\u00ed si pr\u00e1ce t\u00edto \u013eudia \u010dasto nar\u00e1\u017eaj\u00fa na vysok\u00e9 kvalifika\u010dn\u00e9 po\u017eiadavky, ktor\u00e9 nedok\u00e1\u017eu kv\u00f4li svojmu postihnutiu splni\u0165. Ak si chce ob\u010dan so zdravotn\u00fdm postihnut\u00edm n\u00e1js\u0165 uplatnenie, jednou z mo\u017enost\u00ed je pr\u00e1ca v&nbsp;na\u0161ej spolo\u010dnosti.<\/p>\n\n\n\n<p>\u00dazko spolupracujeme s prosperuj\u00facou potravin\u00e1rskou spolo\u010dnos\u0165ou Syr\u00e1re\u0148 Bel Slovensko a.s., ktor\u00e1 je miestom v\u00fdkonu pr\u00e1ce na\u0161ich zamestnancov. Prostredn\u00edctvom na\u0161ich zamestnancov vykon\u00e1vame baliace a&nbsp;kompletiza\u010dn\u00e9 \u010dinnosti vo v\u00fdrobnej \u010dasti podniku. Takto aj na\u0161im k\u00faskom participujeme na v\u00fdrobe syrov a&nbsp;mlie\u010dnych v\u00fdrobkov medzin\u00e1rodn\u00fdch i lok\u00e1lnych zna\u010diek. &nbsp;Pracujeme na 4, 6 a 8 hodinov\u00fd pracovn\u00fd \u00fav\u00e4zok<br>v dvoch zmen\u00e1ch.<\/p>\n\n\n\n<p>Pracovn\u00e9 podmienky (vr\u00e1tane n\u00e1rokov na pracovn\u00fd v\u00fdkon) m\u00e1me na pracovisk\u00e1ch prisp\u00f4soben\u00e9 zdravotn\u00e9mu stavu zamestnancov, teda \u201em\u00e4k\u0161ie\u201c, ako na otvorenom trhu pr\u00e1ce. S ka\u017ed\u00fdm z\u00e1ujemcom o pr\u00e1cu rob\u00edme vstupn\u00fd rozhovor, kde sa sna\u017e\u00edme z\u00edska\u0165 \u010do najviac inform\u00e1ci\u00ed, aby mu pracovn\u00e9 miesto ,,u\u0161ili\u201c na mieru.<\/p>\n\n\n\n<p>Dokumenty potrebn\u00e9 k&nbsp;n\u00e1stupu do zamestnania:<\/p>\n\n\n\n<ul><li>\u017eiados\u0165 o prijatie do zamestnania<\/li><li>\u017eivotopis<\/li><li>rozhodnutie soci\u00e1lnej pois\u0165ovne \u2013 \u00fastredie o percentu\u00e1lnej miere postihnutia<\/li><li>rozhodnutie soci\u00e1lnej pois\u0165ovne \u2013 \u00fastredie o v\u00fd\u0161ke invalidn\u00e9ho d\u00f4chodku<\/li><\/ul>\n","protected":false},"excerpt":{"rendered":"<p>Spolo\u010dnos\u0165 NYOS r.s.p s.r.o. poskytuje pr\u00e1cu invalidn\u00fdm ob\u010danom od roku 2011 ako chr\u00e1nen\u00e1 diel\u0148a. Vznikli sme transform\u00e1ciou z&nbsp;fyzickej osoby, ktor\u00e1 fungovala od roku 2008. \u0160tat\u00fat soci\u00e1lneho podniku n\u00e1m bol udelen\u00fd z&nbsp;r\u00fak ministra pr\u00e1ce, soci\u00e1lnych vec\u00ed a&nbsp;rodiny ako piatemu podniku v&nbsp;Slovenskej republike d\u0148a 1.12.2018. \u013dudia so zdravotn\u00fdm postihnut\u00edm s\u00fa aj napriek svojim \u201cobmedzeniam\u201d plnohodnotn\u00fdmi a rovnocenn\u00fdmi &hellip; <\/p>\n<p class=\"link-more\"><a href=\"https:\/\/www.nyos.sk\/\" class=\"more-link\">Pokra\u010dova\u0165 v \u010d\u00edtan\u00ed<span class=\"screen-reader-text\"> &#8220;O n\u00e1s&#8221;<\/span><\/a><\/p>\n","protected":false},"author":2,"featured_media":0,"parent":0,"menu_order":0,"comment_status":"closed","ping_status":"closed","template":"","meta":{"_monsterinsights_skip_tracking":false,"_monsterinsights_sitenote_active":false,"_monsterinsights_sitenote_note":"","_monsterinsights_sitenote_category":0},"_links":{"self":[{"href":"https:\/\/www.nyos.sk\/index.php?rest_route=\/wp\/v2\/pages\/57"}],"collection":[{"href":"https:\/\/www.nyos.sk\/index.php?rest_route=\/wp\/v2\/pages"}],"about":[{"href":"https:\/\/www.nyos.sk\/index.php?rest_route=\/wp\/v2\/types\/page"}],"author":[{"embeddable":true,"href":"https:\/\/www.nyos.sk\/index.php?rest_route=\/wp\/v2\/users\/2"}],"replies":[{"embeddable":true,"href":"https:\/\/www.nyos.sk\/index.php?rest_route=%2Fwp%2Fv2%2Fcomments&post=57"}],"version-history":[{"count":6,"href":"https:\/\/www.nyos.sk\/index.php?rest_route=\/wp\/v2\/pages\/57\/revisions"}],"predecessor-version":[{"id":183,"href":"https:\/\/www.nyos.sk\/index.php?rest_route=\/wp\/v2\/pages\/57\/revisions\/183"}],"wp:attachment":[{"href":"https:\/\/www.nyos.sk\/index.php?rest_route=%2Fwp%2Fv2%2Fmedia&parent=57"}],"curies":[{"name":"wp","href":"https:\/\/api.w.org\/{rel}","templated":true}]}}